 = -2*w - 6. Suppose u - 72 = -b*u. Let x = -7529 - -7620. Calculate the remainder when x is divided by u.
19
Let c(g) = g**2 + 68*g + 276. Calculate the remainder when 28 is divided by c(-4).
8
Suppose 157 = 102*j - 149. Let g = 17 + 4. Let c = -8 + g. Calculate the remainder when c is divided by j.
1
Suppose 5*f + 0*f = -2*w - 10, -2*f + 2*w - 4 = 0. What is the remainder when 22 is divided by (-1)/(17/f) + (-2847)/(-221)?
9
Suppose 469*o = 474*o - 2670. Calculate the remainder when o is divided by 113.
82
Let f = 91 - 49. Suppose -k = r + 13 - 135, -3*r + 381 = -2*k. Calculate the remainder when r is divided by f.
41
Suppose x - 30 - 19 = 0. Let q(n) = -n**2 + 23*n - 51. Suppose 27 = d + 2*o, o - 42 = -2*d - 0*o. Calculate the remainder when x is divided by q(d).
24
Let l = -228 - -237. Suppose -2*i + 150 = -4*h, -l*i + 3*h = -7*i - 153. Calculate the remainder when i is divided by 14.
11
Suppose -9*i - 2783 = -14*i - 2*b, 0 = -i - 2*b + 563. Suppose -i - 296 = -23*q. What is the remainder when 252 is divided by q?
30
Suppose 12*i + 18 = 6*i. Let y(q) = 6*q**2 + 4*q + 2. What is the remainder when y(-3) is divided by 0 - (i - 15) - (-1 - -4)?
14
Let o(x) be the first derivative of x**3/3 - 9*x**2/2 + 63*x + 115. What is the remainder when o(15) is divided by (-110)/(-8) - 1/(-4)?
13
Suppose 0 = 8*p - 10*p + 558. Let l = -273 + p. Calculate the remainder when 2/8 + 222/8 is divided by l.
4
Suppose 4*k = -195 - 273. Let z = -42 - k. Let l(w) = 2*w**2 - 57*w + 283. What is the remainder when z is divided by l(6)?
10
Suppose 987 = 14*o + 553. Calculate the remainder when 325 is divided by o.
15
Let j = -8636 + 8670. Calculate the remainder when 439 is divided by j.
31
Let r be (1 - (-1)/(-3))/((-83)/(-249)). Calculate the remainder when 386 is divided by (102/(-204))/(r/(-24)).
2
Let q(h) = -h**3 - 85*h**2 - 597*h + 162. Calculate the remainder when (4 - 6) + 1*88 is divided by q(-8).
6
Let b(w) = -99*w**3 + 2*w**2 - 57*w - 59. What is the remainder when 393 is divided by b(-1)?
96
Let j(t) = 45*t**2 - 1. Let u = 0 - 1. What is the remainder when j(u) is divided by ((-1)/6)/(46/(-4140))?
14
Let n = 114 - 108. Suppose -699 - 795 = -n*c. Calculate the remainder when c is divided by 17.
11
Let c = 25 - 127. Let r = c + 101. Calculate the remainder when 8 is divided by (-2)/r*1*(-9)/(-6).
2
Let q(o) = -138*o - 1. Let n(a) = a**2 - 143*a - 7758. What is the remainder when q(-4) is divided by n(-42)?
11
Let k = 536 + -511. Suppose k*j - 3*x - 228 = 23*j, 5*j - 545 = -5*x. Calculate the remainder when j is divided by 6.
3
Let a be (78 + 0)*20/40. Calculate the remainder when (a/9)/((-784)/(-156) + -5) is divided by 29.
24
Suppose 0 = -6312*q + 6306*q + 210. What is the remainder when 264 is divided by q?
19
Suppose 0 = 3*l + 4*l. Let p be 6/(-4)*6/(-9) - l. Let u(k) = 71*k**2 + k - 1. What is the remainder when u(p) is divided by 25?
21
Suppose 0 = -4*l + 12, 42 = 4*p - 0*p + 2*l. Let j(q) = q + 49. What is the remainder when j(-27) is divided by p?
4
Let q(n) = 15 + 6*n - 6*n + 4*n - 46. Let b be q(9). Calculate the remainder when (0 + -1)/(b/(-365)) is divided by 15.
13
Calculate the remainder when 4363 is divided by (-60)/(-5) - (-8)/(-5 + 4).
3
Suppose -4*m + 60 = 4*s, -m - 9 = s - 6*m. Let a = 79 - 103. Let l = a + 31. Calculate the remainder when s is divided by l.
4
Suppose 5*v = -2*f + 98, -5*v = -6*v + 3*f + 23. Suppose -4*j - v - 80 = 0. Calculate the remainder when 26 is divided by (-3)/((3 + 2)/j).
11
Suppose 5*j + 3*o - 2*o - 11 = 0, o = -4. Suppose 0 = k + w + j*w - 113, 3*w + 92 = k. Calculate the remainder when k is divided by 27.
20
What is the remainder when 43420/156*((-48)/(-20))/2 is divided by 85?
79
Let n = -55 + 66. Let x(i) = -10*i + 3 + 1 + 22*i + n. Calculate the remainder when x(7) is divided by 20.
19
Let q = 14887 - 14872. What is the remainder when 600 is divided by q?
0
Let z(v) = 75*v**2 + 153*v - 304. What is the remainder when z(2) is divided by 71?
18
Let i be -26*((-117)/(-6))/(-13). Calculate the remainder when 1704/9 + (-13)/i is divided by 32.
29
Suppose -5*z + 5*o = -1245, 266*o - 269*o = -4*z + 986. Suppose -2*b - 52 = -4*n + 40, 116 = 5*n - 2*b. What is the remainder when z is divided by n?
23
Suppose -2*a + 34*a - 663 = -7*a. Calculate the remainder when a is divided by 8.
1
Let q(d) = 3*d - 7. Let i be q(4). Suppose i*a + 94 = u, -3*a + 29 = 2*u - 120. Suppose 64*x + 936 = 103*x. What is the remainder when u is divided by x?
7
Suppose 0 = -5*r + 6 + 19. Let h(v) = -v**3 + 3*v**2 + 11*v + 2. What is the remainder when (-3 + 2)*(-22)/2 is divided by h(r)?
4
Let f(z) = 47*z**2 - 120*z + 472. Calculate the remainder when 753 is divided by f(4).
9
Let h = 5 + 74. Suppose -d = 6 - 10. Suppose -d*v + m = -60, -2*v + 5*v = -4*m + 64. What is the remainder when h is divided by v?
15
Let k = -1785 + 1788. Let u = -58 - -29. Let q = -17 - u. Calculate the remainder when q is divided by k.
0
Let q(j) = 398*j**3 + 3*j**2 + j - 3. Let k be q(1). Let i = 419 - k. Calculate the remainder when 70 is divided by i.
10
Let d(y) = -7*y**3 + 838*y**2 + 246*y - 101. Calculate the remainder when d(120) is divided by 232.
155
Let o(y) = -10*y + 18. Let t(g) = -g**2 + 5*g + 5. Let v be t(5). Suppose 61 + 169 = v*l. What is the remainder when l is divided by o(1)?
6
Let q = -23 - -68. Suppose -q = -i - j, 4*j - 39 = -i + 9. What is the remainder when i is divided by 13?
5
Calculate the remainder when 12689 is divided by (-11 - (-10 - 70/40))/((-2)/(-72)).
26
Let y = 56 - 53. Suppose 6*m = y*m - 51. Let c = m + 99. What is the remainder when c is divided by 28?
26
Let s(u) = -867*u - 4702. Calculate the remainder when s(-6) is divided by 127.
119
Let r = 4587 - -1452. What is the remainder when r is divided by 38?
35
Let p(y) = 127*y**2 - 212*y + 19. What is the remainder when p(-8) is divided by 5?
3
Suppose -4*y = -5*j - 199, 0 = y + 3*j + 302 - 373. Calculate the remainder when 568 is divided by y.
8
Suppose 10*g - 7*g = 9. Suppose 2*u + g*u = -5, 0 = 5*z + u - 24. Suppose 2*k - 156 = -3*i + 63, z*k - 15 = 0. What is the remainder when i is divided by 18?
17
Suppose -58*f - 50*f + 112*f = 564. Calculate the remainder when 1971 is divided by f.
138
Suppose 0 = 4*p + 6*q - 388, 0 = 43*p - 46*p + 4*q + 240. Calculate the remainder when 1229 is divided by p.
85
Let i(d) = 23*d**2 - 1535*d - 89. Calculate the remainder when i(68) is divided by 173.
153
Suppose 11*x - 860 = 31. What is the remainder when 240 is divided by x?
78
Let a = 296 - 290. Suppose a*u - 27 = 2*u - 3*q, -5*u + 25 = -5*q. Calculate the remainder when 27 is divided by u.
3
Suppose 3*o - 139 = 4*h, -2*o = 2*h - 165 + 91. Calculate the remainder when 222 is divided by o.
17
Let l = 35 - -159. Let j = l + -174. Calculate the remainder when 156 is divided by j.
16
Let s(c) = -241*c + 1241. What is the remainder when 85 is divided by s(5)?
13
Suppose 2*p + 4 = -16. Let g = 14 + p. Suppose -n = 4*m - 6*m - 26, 5*n + m - 196 = 0. What is the remainder when n is divided by g?
2
Suppose 56*b - 13950 + 867 = 17381. What is the remainder when b is divided by 39?
37
Suppose 26 = b + 5*c, b + 3*b = c + 83. Suppose -p = -13*p - 552. Let t = p + 50. Calculate the remainder when b is divided by t.
1
Calculate the remainder when (-3 + 5)/((-190)/(-1491975)) is divided by 21.
18
Suppose 3 - 277 = -3*t + w, -5*t + 4*w + 466 = 0. Calculate the remainder when 272 is divided by t.
2
Let f = 141 - 63. Calculate the remainder when 465 is divided by f.
75
Suppose -4*x + 12 + 0 = 0. Suppose -4*i = p + 8, i - x*i = p. Suppose 14*r - 24 = 8*r. Calculate the remainder when p is divided by r.
0
Let k be (2 - 34/3)*51/(-2). Let l = k - 169. Suppose l = -3*w + 423. Calculate the remainder when w is divided by 12.
10
Let w(q) = q**2 + 29*q + 149. Suppose -3*o + 0*o - 3*g + 66 = 0, -3*g = 0. What is the remainder when o is divided by w(-23)?
0
Suppose s - 120 = -2*t, t + 2*t + 2*s - 178 = 0. Suppose -7*r + t = -330. Calculate the remainder when 389 is divided by r.
53
Let w(t) = 13*t**2 + 17*t - 21. What is the remainder when w(-11) is divided by 57?
54
Let z(v) = -v + 16. Let c be z(20). What is the remainder when (-233 - -33)*2/c is divided by 34?
32
Let l(g) = -2*g + 0 - 7 - 1 - g. Let k = 5 